6 + (3 - (5 - 3)).
-51
What is -10 + -9 + -2 - -6?
-15
41 + -51 + (0 - 7)
-17
Evaluate 18 - ((21 + -13 - 2) + 65 + -18).
-35
What is the value of 147 + 0 + (-145 - -175) + -51?
126
Evaluate (-95 - 1) + (9 - ((-45 - -66) + -13)).
-95
Evaluate -50 - -1 - (-33 + 33 + -31 - -39).
-57
What is (-7 - -1) + (3342 - 3279)?
57
Calculate -7 + (-14 - (0 + -10 + 9 - -53)).
-73
What is (-66 - -21) + 33 + 28?
16
What is 65 + (-1 + 6 - (1223 - 1185))?
32
(-30 - -35) + -3 + -1 + 149 + -153
-3
What is -3 + (21 - -8) + (35 - 36 - (1 + -5))?
29
Evaluate 7 + (5 - (9 + 3 - (17 + -105))) - -5.
-83
9 + -17 + (39 - (17 + 12))
2
Calculate 2 + -2 + 31 + (-18 - 11) + -19.
-17
What is the value of 0 + (-3 - (-24 - -5 - -6) - -35) - 4?
41
Evaluate 8 - ((-47 - -29 - (7 - 9)) + 5).
19
Evaluate 38 + (-7 - (-1 + 9)) + 0 + 0 + 6.
29
(21 - 7) + 31 + -63 + 56
38
Calculate 1721 + -1711 + (-1 - 53).
-44
Evaluate -127 - -124 - (0 + -2 + 7 + (2 - 0)).
-10
Evaluate 25 + -3 + 1 - ((-14 - -29 - 28) + 20).
16
What is the value of (-39 - (11 + (-44 - -15))) + 4?
-17
Evaluate (-68 + 5 - -119) + 25 + 1.
82
-25 - (-9 - 36) - (10 + 0) - 76
-66
Calculate 1 - ((-3 + 6 - (341 + -348)) + -10 + -1).
2
Evaluate (-761 - -802) + (1 + -6 - -8).
44
What is (-89 - -7) + 34 - -7 - (7 + 1)?
-49
What is 27 - (90 + (64 - 117))?
-10
What is (1 - 91 - (234 + -218) - -6) + 11 + 2?
-87
Calculate -29 + 12 + 10 - 5.
-12
3 + 10 + -57 + (5 - 4 - (-4 + 10))
-49
What is the value of -846 + 850 + -3 + 2 + 17 + -9?
11
What is the value of 11 + 70 + -20 + (30 - (-2 - -14))?
79
Evaluate -3 + -109 + 3 + -2 + 2 - (-182 + 196).
-123
Calculate 19 + -8 + 12 - (-160 - -142).
41
What is (-22 - (-11 + -15)) + (-57 - ((-1 - -2) + 2))?
-56
Evaluate 20 + (14 - (46 + -19)) + 25.
32
What is (-81 - -57) + 108 - 166?
-82
What is -3 + 32 + (-50 - -89) + -55?
13
Evaluate -64 + (-5 - (-9 + 13) - 1) + (-1 - -15).
-60
Evaluate 79 - (-7 + -12 - 1 - (-39 + 13 - -13)).
86
Calculate -101 + (0 - 0) + (-1389 - -1420).
-70
What is -41 - (-13 - (17 - 16))?
-27
Evaluate (-1872 + 1834 - (-28 + 0)) + -1.
-11
55 + (-129 + 140 - (1 - -5))
60
-6 + 15 + 16 + (-2 - 11) - 53
-41
What is the value of -12 + -35 + -14 + 15?
-46
What is (31 - (-6 + -16 - -16)) + -1?
36
Evaluate 255 + -234 + -141 + (-2 - 2).
-124
Calculate 49 + (-11 - (-17 + 14 + 1)).
40
What is the value of -47 + 123 - (31 + -17 + 16)?
46
76 + (12 - (-16 - -14))
90
Evaluate -16 - -32 - (-8 - (3 + -9)).
18
Evaluate (16 - 4 - (-40 + -38)) + 30 + -40.
80
What is the value of 11 - (-31 - (-18 - 5)) - -18?
37
What is the value of (3 - 10) + 2763 + -2850?
-94
Calculate -14 + 11 + -30 + 29 + -63.
-67
What is 108 + 30 + -117 + (2 - -16)?
39
Calculate 46 - (-3 - 41 - (24 - -2)).
116
-219 - -171 - (-1 + -24)
-23
What is the value of 23 - (-10 + 8) - (6 + (14 - 13))?
18
(318 - 355) + 4 + 24
-9
What is the value of (19 - (3 - 3)) + (-39 + 28 - -3)?
11
What is (2 - 0 - (0 + 50)) + (17 - 30) + 8?
-53
What is 26 + -33 + (-1 - 2) + 0 - (217 - 282)?
55
Evaluate 7 + (38 + 0 + -27 - 31).
-13
What is -12 + 83 + 0 + (0 - 20 - -9 - -6)?
66
Evaluate -349 + 356 - (24 - -2).
-19
What is the value of (-9 - (-57 + 43)) + -3?
2
Evaluate -3 + 34 + -35 + 16 + -9.
3
Evaluate 28 - (9 - 44 - -49).
14
What is the value of (-49 - -27) + 40 + -15 + (-46 - -1)?
-42
Evaluate (0 - 75) + (-5920 - -5940).
-55
What is 1 + 64 + (-4151 - -3959)?
-127
What is the value of 192 + -233 - (16 - (0 - 7 - -16 - 5))?
-53
Evaluate 33 - 74 - 27 - -15 - (19 + -3).
-69
What is (-9 + -4 - -63) + -41?
9
1 + 11 + (-77 - (-39 + 44) - (2 + -4))
-68
Calculate -6 - ((34 - (-35 - -20)) + 10 + -2) - -4.
-59
Calculate 17 + -14 + -9 + 8 - 11 - (1 - -47).
-57
Calculate (2 - (-1 - -2)) + 3 + (-7 - 5) - 119.
-127
Calculate (-5 + 33 + 1 + -14 - (2 - -6)) + -83.
-76
0 + 5 + -9 + 46 - ((-3 - 9) + 17)
37
48 + (-23 - 5) - (-4 - (5 + -114))
-85
Evaluate -39 + (50 - (-38 - -31)) + 24.
42
1 + 6 - -2 - (-133 - (91 + -198))
35
What is -29 + (-3 - (-1 - 21) - 20)?
-30
(-106 - (-1 - 1)) + (62 - (58 - 14))
-86
What is the value of 91 + (11 - (24 + 27 + -24))?
75
Evaluate 2 + 162 + -157 + (-75 - 1).
-69
What is 82 + -141 + (-72 - -30)?
-101
What is (-8 + 5 - -146) + (-14 - ((14 - -8) + -38))?
145
Evaluate 17 + (-13 - (-16 + -2) - 12 - -79).
89
Evaluate -104 + 147 + (33 - -7).
83
What is the value of -114 + (20 - (-16 + 15 + 26)) - -12?
-107
What is the value of (1793 - 1778) + 19 + 3?
37
What is -24 - -3 - (123 - (-2 + 67))?
-79
What is the value of (26 - 39) + (13 - 15 - -7)?
-8
Calculate 19 - ((19 - -45) + -26).
-19
Calculate -25 - ((7 - -27) + -23 - 92).
56
Calculate (-15 - (-99 + 18)) + -140.
-74
Evaluate 45 - -26 - (34 - 1).
38
36 - (10 + -1 - (-99 - -89))
17
What is 60 + -14 + (12 - (7 - 13))?
64
43 - (14 + -134 - -123)
40
What is the value of 64 + 34 - 55 - 102?
-59
Evaluate 3 + (20 + 0 + (5 - 15) - 7).
6
What is the value of 1 - (1 + -20 - 2)?
22
Evaluate 21 + -93 + (250 - 251).
-73
Evaluate 16 + (-59 - -48) + (-3 + 7 - 81).
-72
Evaluate -26 + (5 - -13) - 9 - (5 + 2).
-24
Calculate (-1 - 0) + -4 + (564 - (-535 - -1093)).
1
What is the value of 41 + -41 + (49 - 48) - (-3 + 1 + -45)?
48
Evaluate -81 + (47 + 40 + -28 - 31).
-53
(1205 - 1262) + -1 + -2 + 16
-44
6 + -14 - 26 - (-10 + 2)
-26
Evaluate 3 + (-2 + -20 + 13 - (-8 + 19)).
-17
Calculate -44 + 10 + (-12 - -17 - -16).
-13
Calculate 67 + -89 + 46 + -4.
20
Calculate (21 - -7) + -18 - ((-5 - 7) + 3).
19
(921 - 960) + (0 - 40)
-79
What is the value of (-1 + 11 - (-11 + -20) - -10) + -10?
41
(1 - 4) + -49 + 36 + (-69 - (4 - 21))
-68
Evaluate -12 + (-132 - -177) + -130.
-97
Calculate (-6338 - -6248) + -1 + 9.
-82
What is -17 - (35 + (10 + -2 - 19))?
-41
Evaluate -50 + (-13 + 1 + (6 - -21 - 31) - -2).
-64
What is the value of -2 - 3 - (19 + 7 + -35 + 125)?
-121
Calculate (3 - -3) + -46 + 28 + -2 + 8 + -4.
-10
Evaluate -18 - (28 - -19) - -48.
-17
Calculate (27 - (196 - 191)) + (-16 - (0 - 1)).
7
Calculate -14 + (16 - (1 - 4)) + -6 + 1 + -34.
-34
What is -30 + 26 + (35 - 44) + -1 + -2?
-16
Evaluate -80 - (113 - 128 - 75).
10
What is the value of -17 + (39 - 22) + 42?
42
What is 1 + -45 + (-9 - 6 - (9 + -12))?
-56
What is the value of -35 - (-23 + (-29 - -23))?
-6
Evaluate (39 - (-27 + 0)) + -53.
13
What is (14 + -2 - 15) + 16 + -45 + (-2 - 2)?
-36
Calculate (62 - 187 - -56) + 59.
-10
Calculate -12 + (1 + 4 - (177 - 145)).
-39
Calculate 15 - (-213 + 208 + (-2 - -4 - 13) + 12).
19
Calculate (3 - -5) + (0 - (-60 - -151)) + 0 + -13.
-96
Evaluate 13 + (-27 - -65 - 62 - 107).
-118
Calculate -2 + 7 - (1082 - 1074).
-3
Calculate (13 - 18) + (15 + -20 - (12 - -39)) - 0.
-61
34 + -2 + 84 + -88
28
Calculate -9 + 0 + -7 + 5 + 219 + (-54 - 41).
113
Evaluate (-94 - -137) + -29 - 127.
-113
What is the value of (3 - 0 - (-508 - -526)) + -1 + -8?
-24
Calculate (56 - -1) + (-6420 - -6432).
69
Calculate -98 - (111 + 7 + -237).
21
(-42 - -21) + -8 - -36
7
What is (286 - 281) + -1 + 2?
6
Calculate (62 - -1) + (-380 - -270).
-47
Calculate 5 + (-4 - -53) + -84 + 53 + 43.
66
What is the value of -1 + 0 + 79 - (-91 + 114)?
55
What is -9 - (11 - (41 - 29) - 64)?
56
(-6 + -11 - (-4 + 4)) + 6 + -31 + 37
-5
Evaluate -1 + -160 + (-400 - -150) + 272.
-139
Evaluate 61 - (49 + (31 - 27)).
8
Calculate -14 - (-16 + 49 + -19 + (6 - (1 + 51))).
18
(0 - -5) + (-114 - ((27 - 43) + -2)) + 26
-65
0 + -2 + (2 - 16 - -12) + -6 + 60
50
Evaluate (0 - -32 - 75) + 53.
10
What is -68 - (37 + -58 - (-1 + 5))?
-43
What is 42 + -10 + 26 - (6 + 40)?
12
What is -300 + 413 + (-147 - -19)?
-15
-5523 + 5422 + (78 - 3)
-26
-10 - (32 + -20 + -57 + 10)
25
-99 + 11 + -10 + -7 + -14 + 30
-89
What is the value of 57 + -36 - 52 - 19?
-50
Evaluate -1 - (-62 + -10 + -1 + 5) - (-16 - -23).
60
(-67 - -36) + 168 + -76
61
Evaluate (-62 + 10 - -65) + -25 + 2.
-10
-73 + (197 - 135) + -88
-99
Calculate (-19 - 21) + 78 + -41.
-3
0 + 2 + (7 + -6 - (9 - -3))
-9
What is the value of -182 + 178 - (-29 - (0 - 3)) - -9?
31
79 + -1 + (16 - (-22 - -40)) + (-20 - -10)
66
Calculate 48 + -35 + (23 - (0 + 2)) - 14.
20
Calculate 18 + 45 - (-280 + 400).
-57
(45 - (5 - -9) - 10) + (4 - 1)
24
5 - (7 - (30 + -5 - 3))
20
What is 5 + -33 + 3 + -3 + -22?
-50
Calculate -3797 + 3678 + 0 + 56.
-63
-42 + -8 + 8 + 39 + -31
-34
What is the value of 21 + -8 + 4 - 21 - -122 - (7 - 8)?
119
What is the value of -11 + 79 +